rime factors of 1057731.
3, 79, 4463
What are the prime factors of 3380847?
3, 113, 9973
What are the prime factors of 58165?
5, 11633
What are the prime factors of 218413?
13, 53, 317
What are the prime factors of 14620124?
2, 131, 27901
List the prime factors of 78192.
2, 3, 181
List the prime factors of 539619.
3, 19, 9467
List the prime factors of 175273.
7, 73
List the prime factors of 20120486.
2, 17, 591779
List the prime factors of 196630.
2, 5, 7, 53
List the prime factors of 205441.
205441
List the prime factors of 38463821.
11, 3496711
What are the prime factors of 650390?
2, 5, 13, 5003
List the prime factors of 4916193.
3, 19, 86249
List the prime factors of 27524790.
2, 3, 5, 23, 13297
What are the prime factors of 11627834?
2, 23, 252779
What are the prime factors of 3475900?
2, 5, 34759
What are the prime factors of 3903595?
5, 780719
What are the prime factors of 25150667?
17, 1479451
What are the prime factors of 255784?
2, 31973
What are the prime factors of 734468?
2, 7, 17, 1543
What are the prime factors of 5812281?
3, 173, 3733
List the prime factors of 5484938.
2, 2742469
List the prime factors of 2739066.
2, 3, 11, 47, 883
What are the prime factors of 211054?
2, 105527
List the prime factors of 2156581.
7, 191, 1613
List the prime factors of 1341759.
3, 17, 26309
List the prime factors of 2394072.
2, 3, 41, 811
What are the prime factors of 1491374?
2, 113, 6599
List the prime factors of 26585572.
2, 13, 511261
List the prime factors of 70157.
70157
What are the prime factors of 4589955?
3, 5, 101999
What are the prime factors of 7329923?
109, 67247
List the prime factors of 11557241.
157, 73613
What are the prime factors of 2547135?
3, 5, 23, 107
List the prime factors of 93441.
3, 31147
List the prime factors of 551032.
2, 68879
What are the prime factors of 134201?
67, 2003
List the prime factors of 2826714.
2, 3, 11, 42829
List the prime factors of 17410423.
359, 48497
List the prime factors of 1806624.
2, 3, 17, 41
List the prime factors of 701527.
701527
List the prime factors of 11915913.
3, 1409, 2819
List the prime factors of 7135306.
2, 1109, 3217
List the prime factors of 6038196.
2, 3, 17, 29599
What are the prime factors of 285632?
2, 4463
What are the prime factors of 8886810?
2, 3, 5, 43, 83
What are the prime factors of 311156?
2, 107, 727
What are the prime factors of 150512?
2, 23, 409
List the prime factors of 1613835.
3, 5, 35863
List the prime factors of 9500946.
2, 3, 7, 13, 17401
List the prime factors of 168234.
2, 3, 11, 2549
List the prime factors of 7196651.
7, 11, 93463
List the prime factors of 276349.
103, 2683
List the prime factors of 9273259.
2879, 3221
What are the prime factors of 116870?
2, 5, 13, 29, 31
What are the prime factors of 21944376?
2, 3, 67, 4549
What are the prime factors of 140672?
2, 7, 157
List the prime factors of 245954.
2, 31, 3967
List the prime factors of 434198.
2, 61, 3559
List the prime factors of 12199255.
5, 263, 9277
List the prime factors of 9776351.
13, 43, 17489
List the prime factors of 19848068.
2, 89, 127, 439
List the prime factors of 233916.
2, 3, 101, 193
List the prime factors of 1127827.
491, 2297
What are the prime factors of 9277951?
9277951
List the prime factors of 3059941.
73, 167, 251
List the prime factors of 3084014.
2, 1542007
List the prime factors of 3309586.
2, 7, 236399
What are the prime factors of 1522919?
173, 8803
List the prime factors of 563306.
2, 281653
List the prime factors of 856874.
2, 73, 5869
What are the prime factors of 196311?
3, 65437
What are the prime factors of 12331479?
3, 4110493
List the prime factors of 14439672.
2, 3, 13, 15427
What are the prime factors of 258999?
3, 13, 29, 229
What are the prime factors of 1418503?
223, 6361
List the prime factors of 3754850.
2, 5, 11, 6827
What are the prime factors of 62823?
3, 43, 487
What are the prime factors of 238146?
2, 3, 19, 2089
What are the prime factors of 17200495?
5, 13, 409, 647
List the prime factors of 496169.
331, 1499
List the prime factors of 197160.
2, 3, 5, 31, 53
List the prime factors of 292418.
2, 7, 20887
What are the prime factors of 2741945?
5, 23, 113, 211
List the prime factors of 17301457.
19, 910603
What are the prime factors of 1022989?
11, 113, 823
List the prime factors of 176458.
2, 83, 1063
What are the prime factors of 13292461?
7, 13, 43, 79
List the prime factors of 11681326.
2, 5840663
What are the prime factors of 47740?
2, 5, 7, 11, 31
What are the prime factors of 117087?
3, 31, 1259
What are the prime factors of 13835105?
5, 61, 45361
List the prime factors of 1863842.
2, 931921
List the prime factors of 1671040.
2, 5, 7, 373
List the prime factors of 2276571.
3, 11, 149, 463
List the prime factors of 1453427.
1453427
List the prime factors of 51599.
51599
List the prime factors of 3920545.
5, 784109
List the prime factors of 355430.
2, 5, 35543
List the prime factors of 916511.
916511
List the prime factors of 12363427.
41, 151, 1997
What are the prime factors of 4319761?
4319761
List the prime factors of 6512134.
2, 3256067
What are the prime factors of 5811302?
2, 7, 19, 3121
What are the prime factors of 1112167?
7, 158881
What are the prime factors of 4495274?
2, 7, 321091
List the prime factors of 139274.
2, 83, 839
List the prime factors of 252605.
5, 19, 2659
What are the prime factors of 47652?
2, 3, 11, 19
List the prime factors of 4605593.
4605593
List the prime factors of 1061442.
2, 3, 109, 541
What are the prime factors of 15996?
2, 3, 31, 43
What are the prime factors of 845618?
2, 23, 31, 593
What are the prime factors of 450392?
2, 56299
What are the prime factors of 6715559?
29, 231571
What are the prime factors of 243809?
243809
List the prime factors of 27916676.
2, 29, 59, 4079
What are the prime factors of 1494160?
2, 5, 19, 983
List the prime factors of 21828395.
5, 97, 45007
List the prime factors of 9615396.
2, 3, 7, 113, 1013
List the prime factors of 26858.
2, 13, 1033
What are the prime factors of 1016128?
2, 15877
List the prime factors of 304217.
304217
What are the prime factors of 2281938?
2, 3, 19, 37, 541
List the prime factors of 4626656.
2, 144583
List the prime factors of 237456.
2, 3, 17, 97
What are the prime factors of 9745722?
2, 3, 7, 77347
List the prime factors of 3949.
11, 359
List the prime factors of 16618562.
2, 139, 59779
What are the prime factors of 2501417?
2501417
List the prime factors of 257049.
3, 13
List the prime factors of 3723684.
2, 3, 61, 5087
What are the prime factors of 1481202?
2, 3, 19, 61, 71
What are the prime factors of 38671?
38671
What are the prime factors of 8135557?
43, 189199
What are the prime factors of 809852?
2, 293, 691
What are the prime factors of 31071048?
2, 3, 1294627
What are the prime factors of 233769?
3, 29, 2687
List the prime factors of 25841519.
11, 443, 5303
What are the prime factors of 179961?
3, 223, 269
What are the prime factors of 1373507?
599, 2293
What are the prime factors of 646538?
2, 37, 8737
List the prime factors of 945907.
945907
What are the prime factors of 1762544?
2, 7, 15737
What are the prime factors of 190703?
19, 10037
What are the prime factors of 5616645?
3, 5, 374443
What are the prime factors of 100311?
3, 29, 1153
What are the prime factors of 7945194?
2, 3, 1324199
What are the prime factors of 1465410?
2, 3, 5, 48847
What are the prime factors of 1266230?
2, 5, 7, 18089
List the prime factors of 393536.
2, 11, 13, 43
What are the prime factors of 1038239?
167, 6217
What are the prime factors of 8959412?
2, 7, 11, 19, 1531
What are the prime factors of 185500?
2, 5, 7, 53
List the prime factors of 1062725.
5, 42509
List the prime factors of 1025953.
379, 2707
What are the prime factors of 16889288?
2, 13, 251, 647
What are the prime factors of 721863?
3, 80207
What are the prime factors of 644630?
2, 5, 7, 9209
List the prime factors of 26054429.
53, 491593
What are the prime factors of 13133458?
2, 13, 463, 1091
What are the prime factors of 2930976?
2, 3, 10177
What are the prime factors of 62434?
2, 19, 31, 53
What are the prime factors of 123356?
2, 30839
List the prime factors of 132588.
2, 3, 29, 127
What are the prime factors of 4851688?
2, 19, 59, 541
List the prime factors of 3608294.
2, 125